{"id":218,"date":"2022-08-30T17:00:44","date_gmt":"2022-08-30T15:00:44","guid":{"rendered":"https:\/\/swiatdziecka-ruczaj.pl\/WP1\/?page_id=218"},"modified":"2026-02-16T12:05:26","modified_gmt":"2026-02-16T11:05:26","slug":"przedszkole-rekrutacja","status":"publish","type":"page","link":"https:\/\/swiatdziecka-ruczaj.pl\/WP1\/przedszkole-rekrutacja\/","title":{"rendered":"Przedszkole \u2013 Rekrutacja"},"content":{"rendered":"\t\t<div data-elementor-type=\"wp-page\" data-elementor-id=\"218\" class=\"elementor elementor-218\" data-elementor-post-type=\"page\">\n\t\t\t\t\t\t<section class=\"elementor-section elementor-top-section elementor-element elementor-element-714c9fa3 elementor-section-boxed elementor-section-height-default elementor-section-height-default\" data-id=\"714c9fa3\" data-element_type=\"section\" data-e-type=\"section\" data-settings=\"{&quot;background_background&quot;:&quot;classic&quot;}\">\n\t\t\t\t\t\t<div class=\"elementor-container elementor-column-gap-default\">\n\t\t\t\t\t<div class=\"elementor-column elementor-col-50 elementor-top-column elementor-element elementor-element-3566aa96\" data-id=\"3566aa96\" data-element_type=\"column\" data-e-type=\"column\">\n\t\t\t<div class=\"elementor-widget-wrap elementor-element-populated\">\n\t\t\t\t\t\t<div class=\"elementor-element elementor-element-21cde8e2 elementor-widget elementor-widget-heading\" data-id=\"21cde8e2\" data-element_type=\"widget\" data-e-type=\"widget\" data-widget_type=\"heading.default\">\n\t\t\t\t<div class=\"elementor-widget-container\">\n\t\t\t\t\t<h3 class=\"elementor-heading-title elementor-size-default\">Rekrutacja<\/h3>\t\t\t\t<\/div>\n\t\t\t\t<\/div>\n\t\t\t\t<div class=\"elementor-element elementor-element-6219ce40 elementor-widget__width-initial elementor-widget elementor-widget-text-editor\" data-id=\"6219ce40\" data-element_type=\"widget\" data-e-type=\"widget\" data-widget_type=\"text-editor.default\">\n\t\t\t\t<div class=\"elementor-widget-container\">\n\t\t\t\t\t\t\t\t\t<p><b>ZAPISY DZIECI DO PUBLICZNEGO PRZEDSZKOLA<\/b> <b>NA ROK SZKOLNY 2026\/2027<\/b>\u00a0<b>-oddzia\u0142 ul. Piltza 34, 30-392 Krak\u00f3w<\/b>\u00a0<\/p><p><strong>W dniach od 02 marca 2026 do 27 marca 2026 r. rozpoczynamy rekrutacj\u0119 na nowy rok szkolny 2026\/27.<\/strong> Rodzice dzieci staraj\u0105cych si\u0119 o przyj\u0119cie do przedszkola pobieraj\u0105 formularz WNIOSEK O PRZYJ\u0118CIE. Wype\u0142niony formularz nale\u017cy wydrukowa\u0107 i podpisany z ewentualnymi za\u0142\u0105cznikami z\u0142o\u017cy\u0107 w przedszkolu do dnia 27.03.2026.\u00a0<\/p><p><strong>Wnioski o przyj\u0119cie mo\u017cna wysy\u0142a\u0107 drog\u0105 mailow\u0105 przedszkole.ruczaj@op.pl lub poczt\u0105 tradycyjn\u0105 na adres przedszkola (decyduje data wys\u0142ania).<\/strong><\/p><p>\u00a0<\/p><p><strong><u>Lista przyj\u0119tych dzieci zostanie og\u0142oszona 13 kwietnia 2026r.<\/u><\/strong>\u00a0<\/p><p>W procesie naboru nie uczestnicz\u0105 ju\u017c dzieci ucz\u0119szczaj\u0105ce do przedszkola, kt\u00f3rych rodzice sk\u0142adaj\u0105 pisemn\u0105 \u201eDeklaracj\u0119 o kontynuowaniu wychowania przedszkolnego\u201d w terminie do 25.02.2026.\u00a0<\/p><p>Kolejne etapy rekrutacji odbywaj\u0105 si\u0119 wg harmonogramu:\u00a0<\/p><p><strong>Terminy przeprowadzania post\u0119powania rekrutacyjnego i post\u0119powania uzupe\u0142niaj\u0105cego, w tym terminy sk\u0142adania dokument\u00f3w, na rok szkolny 2026\/2027<\/strong><\/p><table width=\"662\"><tbody><tr><td width=\"38\"><p>Lp<\/p><\/td><td width=\"350\"><p>Rodzaj czynno\u015bci<\/p><\/td><td width=\"151\"><p>Termin w post\u0119powaniu rekrutacyjnym<\/p><\/td><td width=\"123\"><p>Termin w post\u0119powaniu uzupe\u0142niaj\u0105cym<\/p><\/td><\/tr><tr><td width=\"38\"><p>1.<\/p><\/td><td width=\"350\"><p>Z\u0142o\u017cenie wniosku o przyj\u0119cie do przedszkola wraz z dokumentami potwierdzaj\u0105cymi spe\u0142nianie przez kandydata warunk\u00f3w lub kryteri\u00f3w branych pod uwag\u0119 w post\u0119powaniu rekrutacyjnym.<\/p><\/td><td width=\"151\"><p>2 marca \u2013 27 marca 2026 r.<\/p><\/td><td width=\"123\"><p>04 -15 maja<\/p><p>2026 r.<\/p><\/td><\/tr><tr><td width=\"38\"><p>\u00a02.<\/p><\/td><td width=\"350\"><p>Weryfikacja przez komisj\u0119 rekrutacyjn\u0105 wniosk\u00f3w o przyj\u0119cie do przedszkola<sup>1<\/sup> i dokument\u00f3w potwierdzaj\u0105cych spe\u0142nianie przez kandydata warunk\u00f3w lub kryteri\u00f3w branych pod uwag\u0119 w post\u0119powaniu rekrutacyjnym, w tym dokonanie przez przewodnicz\u0105cego komisji czynno\u015bci, o kt\u00f3rych mowa w art. 150 ust. 7 ustawy Prawo o\u015bwiatowe.<\/p><\/td><td width=\"151\"><p>do 31 marca 2026 r.<\/p><\/td><td width=\"123\"><p>do 20 maja<\/p><p>2026 r.<\/p><\/td><\/tr><tr><td width=\"38\"><p>\u00a03.<\/p><\/td><td width=\"350\"><p>Podanie do publicznej wiadomo\u015bci przez komisj\u0119 rekrutacyjn\u0105 listy kandydat\u00f3w zakwalifikowanych i kandydat\u00f3w niezakwalifikowanych.<\/p><\/td><td width=\"151\"><p>02 kwietnia 2026 r.<\/p><\/td><td width=\"123\"><p>22 maja 2026 r.<\/p><\/td><\/tr><tr><td width=\"38\"><p>\u00a04.<\/p><\/td><td width=\"350\"><p>Potwierdzanie przez rodzica kandydata woli przyj\u0119cia w postaci pisemnego o\u015bwiadczenia.<\/p><\/td><td width=\"151\"><p>07 \u201310\u00a0kwietnia 2026 r.<\/p><\/td><td width=\"123\"><p>25 \u201329 maja 2026 r.<\/p><\/td><\/tr><tr><td width=\"38\"><p>\u00a05.<\/p><\/td><td width=\"350\"><p>Podanie do publicznej wiadomo\u015bci przez komisj\u0119 rekrutacyjn\u0105 listy kandydat\u00f3w przyj\u0119tych i kandydat\u00f3w nieprzyj\u0119tych.<\/p><\/td><td width=\"151\"><p>13 kwietnia 2026 r.<\/p><\/td><td width=\"123\"><p>02 czerwca<\/p><p>2026 r.<\/p><\/td><\/tr><\/tbody><\/table>\t\t\t\t\t\t\t\t<\/div>\n\t\t\t\t<\/div>\n\t\t\t\t\t<\/div>\n\t\t<\/div>\n\t\t\t\t<div class=\"elementor-column elementor-col-50 elementor-top-column elementor-element elementor-element-2f416dc0\" data-id=\"2f416dc0\" data-element_type=\"column\" data-e-type=\"column\" data-settings=\"{&quot;background_background&quot;:&quot;slideshow&quot;,&quot;background_slideshow_gallery&quot;:[],&quot;background_slideshow_loop&quot;:&quot;yes&quot;,&quot;background_slideshow_slide_duration&quot;:5000,&quot;background_slideshow_slide_transition&quot;:&quot;fade&quot;,&quot;background_slideshow_transition_duration&quot;:500}\">\n\t\t\t<div class=\"elementor-widget-wrap elementor-element-populated\">\n\t\t\t\t\t<div class=\"elementor-background-overlay\"><\/div>\n\t\t\t\t\t\t<div class=\"elementor-element elementor-element-26da5c6a elementor-widget__width-auto elementor-absolute elementor-widget elementor-widget-image\" data-id=\"26da5c6a\" data-element_type=\"widget\" data-e-type=\"widget\" data-settings=\"{&quot;_position&quot;:&quot;absolute&quot;}\" data-widget_type=\"image.default\">\n\t\t\t\t<div class=\"elementor-widget-container\">\n\t\t\t\t\t\t\t\t\t\t\t\t\t\t\t<img fetchpriority=\"high\" decoding=\"async\" width=\"654\" height=\"364\" src=\"https:\/\/swiatdziecka-ruczaj.pl\/WP1\/wp-content\/uploads\/2022\/08\/clouds-bird-white.png\" class=\"attachment-full size-full wp-image-130\" alt=\"\" srcset=\"https:\/\/swiatdziecka-ruczaj.pl\/WP1\/wp-content\/uploads\/2022\/08\/clouds-bird-white.png 654w, https:\/\/swiatdziecka-ruczaj.pl\/WP1\/wp-content\/uploads\/2022\/08\/clouds-bird-white-300x167.png 300w\" sizes=\"(max-width: 654px) 100vw, 654px\" \/>\t\t\t\t\t\t\t\t\t\t\t\t\t\t\t<\/div>\n\t\t\t\t<\/div>\n\t\t\t\t<div class=\"elementor-element elementor-element-f97a3ff elementor-widget elementor-widget-heading\" data-id=\"f97a3ff\" data-element_type=\"widget\" data-e-type=\"widget\" data-widget_type=\"heading.default\">\n\t\t\t\t<div class=\"elementor-widget-container\">\n\t\t\t\t\t<h3 class=\"elementor-heading-title elementor-size-default\">Pliki do pobrania<\/h3>\t\t\t\t<\/div>\n\t\t\t\t<\/div>\n\t\t\t\t<div class=\"elementor-element elementor-element-5fe1e74 elementor-widget__width-initial elementor-widget elementor-widget-text-editor\" data-id=\"5fe1e74\" data-element_type=\"widget\" data-e-type=\"widget\" data-widget_type=\"text-editor.default\">\n\t\t\t\t<div class=\"elementor-widget-container\">\n\t\t\t\t\t\t\t\t\t<p><a href=\"https:\/\/swiatdziecka-ruczaj.pl\/WP1\/wp-content\/uploads\/2026\/02\/REGULAMIN-REKRUTACJI-DZIECI-DO-PUBLICZNEGO-PRZEDSZKOLA-1.pdf\">REGULAMIN-REKRUTACJI-DZIECI-DO-PUBLICZNEGO-PRZEDSZKOLA<\/a><\/p><p><a href=\"https:\/\/swiatdziecka-ruczaj.pl\/WP1\/wp-content\/uploads\/2026\/02\/WNIOSEK-O-PRZYJECIE-1.pdf\">WNIOSEK-O-PRZYJECIE<\/a><\/p><p><a href=\"https:\/\/swiatdziecka-ruczaj.pl\/WP1\/wp-content\/uploads\/2026\/02\/OSWIADCZENIE-O-KONTYNUOWANIU-PRZEZ-RODZENSTWO-EDUKACJI-PRZEDSZKONEJ.pdf\">O\u015aWIADCZENIE-O-KONTYNUOWANIU-PRZEZ-RODZE\u0143STWO-EDUKACJI-PRZEDSZKONEJ<\/a><\/p><p><a href=\"https:\/\/swiatdziecka-ruczaj.pl\/WP1\/wp-content\/uploads\/2026\/02\/OSWIADCZENIE-O-WIELODZIETNOSCI-RODZINY-1-1.pdf\">OSWIADCZENIE-O-WIELODZIETNOSCI-RODZINY<\/a><\/p><p><a href=\"https:\/\/swiatdziecka-ruczaj.pl\/WP1\/wp-content\/uploads\/2026\/02\/OSWIADCZENIE-O-SAMOTNYM-WYCHOWYWANIU-1.pdf\">OSWIADCZENIE-O-SAMOTNYM-WYCHOWYWANIU<\/a><\/p><p><a href=\"https:\/\/swiatdziecka-ruczaj.pl\/WP1\/wp-content\/uploads\/2026\/02\/POTWIERDZENIE-WOLI-PRZYJECIA-DO-PRZEDSZKOLA-1.pdf\">POTWIERDZENIE-WOLI-PRZYJECIA-DO-PRZEDSZKOLA<\/a><\/p><p><a href=\"https:\/\/swiatdziecka-ruczaj.pl\/WP1\/wp-content\/uploads\/2026\/02\/Terminy-przeprowadzania-postepowania-rekrutacyjnego-i-postepowania-uzupelniajacego.pdf\">Terminy-przeprowadzania-postepowania-rekrutacyjnego-i-postepowania-uzupelniajacego<\/a><\/p><p>\u00a0<\/p>\t\t\t\t\t\t\t\t<\/div>\n\t\t\t\t<\/div>\n\t\t\t\t\t<\/div>\n\t\t<\/div>\n\t\t\t\t\t<\/div>\n\t\t<\/section>\n\t\t\t\t<\/div>\n\t\t","protected":false},"excerpt":{"rendered":"<p>Rekrutacja ZAPISY DZIECI DO PUBLICZNEGO PRZEDSZKOLA NA ROK SZKOLNY 2026\/2027\u00a0-oddzia\u0142 ul. Piltza 34, 30-392 Krak\u00f3w\u00a0 W dniach od 02 marca 2026 do 27 marca 2026 r. rozpoczynamy rekrutacj\u0119 na nowy rok szkolny 2026\/27. Rodzice dzieci staraj\u0105cych si\u0119 o przyj\u0119cie do przedszkola pobieraj\u0105 formularz WNIOSEK O PRZYJ\u0118CIE. Wype\u0142niony formularz nale\u017cy wydrukowa\u0107 i podpisany z ewentualnymi za\u0142\u0105cznikami [&hellip;]<\/p>\n","protected":false},"author":1,"featured_media":0,"parent":0,"menu_order":0,"comment_status":"closed","ping_status":"closed","template":"","meta":{"footnotes":""},"class_list":["post-218","page","type-page","status-publish","hentry"],"_links":{"self":[{"href":"https:\/\/swiatdziecka-ruczaj.pl\/WP1\/wp-json\/wp\/v2\/pages\/218","targetHints":{"allow":["GET"]}}],"collection":[{"href":"https:\/\/swiatdziecka-ruczaj.pl\/WP1\/wp-json\/wp\/v2\/pages"}],"about":[{"href":"https:\/\/swiatdziecka-ruczaj.pl\/WP1\/wp-json\/wp\/v2\/types\/page"}],"author":[{"embeddable":true,"href":"https:\/\/swiatdziecka-ruczaj.pl\/WP1\/wp-json\/wp\/v2\/users\/1"}],"replies":[{"embeddable":true,"href":"https:\/\/swiatdziecka-ruczaj.pl\/WP1\/wp-json\/wp\/v2\/comments?post=218"}],"version-history":[{"count":157,"href":"https:\/\/swiatdziecka-ruczaj.pl\/WP1\/wp-json\/wp\/v2\/pages\/218\/revisions"}],"predecessor-version":[{"id":2127,"href":"https:\/\/swiatdziecka-ruczaj.pl\/WP1\/wp-json\/wp\/v2\/pages\/218\/revisions\/2127"}],"wp:attachment":[{"href":"https:\/\/swiatdziecka-ruczaj.pl\/WP1\/wp-json\/wp\/v2\/media?parent=218"}],"curies":[{"name":"wp","href":"https:\/\/api.w.org\/{rel}","templated":true}]}}