{"id":209,"date":"2022-08-30T16:59:01","date_gmt":"2022-08-30T14:59:01","guid":{"rendered":"https:\/\/swiatdziecka-ruczaj.pl\/WP1\/?page_id=209"},"modified":"2023-02-25T20:16:56","modified_gmt":"2023-02-25T19:16:56","slug":"przedszkole-zajecia","status":"publish","type":"page","link":"https:\/\/swiatdziecka-ruczaj.pl\/WP1\/przedszkole-zajecia\/","title":{"rendered":"Przedszkole \u2013 zaj\u0119cia"},"content":{"rendered":"\t\t<div data-elementor-type=\"wp-page\" data-elementor-id=\"209\" class=\"elementor elementor-209\" data-elementor-post-type=\"page\">\n\t\t\t\t\t\t<section class=\"elementor-section elementor-top-section elementor-element elementor-element-5d300261 elementor-section-boxed elementor-section-height-default elementor-section-height-default\" data-id=\"5d300261\" data-element_type=\"section\" data-e-type=\"section\" data-settings=\"{&quot;background_background&quot;:&quot;classic&quot;}\">\n\t\t\t\t\t\t\t<div class=\"elementor-background-overlay\"><\/div>\n\t\t\t\t\t\t\t<div class=\"elementor-container elementor-column-gap-default\">\n\t\t\t\t\t<div class=\"elementor-column elementor-col-100 elementor-top-column elementor-element elementor-element-40ee4677\" data-id=\"40ee4677\" data-element_type=\"column\" data-e-type=\"column\">\n\t\t\t<div class=\"elementor-widget-wrap elementor-element-populated\">\n\t\t\t\t\t\t<div class=\"elementor-element elementor-element-3c7ad298 elementor-widget elementor-widget-heading\" data-id=\"3c7ad298\" data-element_type=\"widget\" data-e-type=\"widget\" data-widget_type=\"heading.default\">\n\t\t\t\t<div class=\"elementor-widget-container\">\n\t\t\t\t\t<h3 class=\"elementor-heading-title elementor-size-default\">Rodzaj zaj\u0119\u0107 cotygodniowych:<\/h3>\t\t\t\t<\/div>\n\t\t\t\t<\/div>\n\t\t\t\t<div class=\"elementor-element elementor-element-642d617c elementor-widget elementor-widget-image\" data-id=\"642d617c\" data-element_type=\"widget\" data-e-type=\"widget\" data-widget_type=\"image.default\">\n\t\t\t\t<div class=\"elementor-widget-container\">\n\t\t\t\t\t\t\t\t\t\t\t\t\t\t\t<img decoding=\"async\" width=\"315\" height=\"26\" src=\"https:\/\/swiatdziecka-ruczaj.pl\/WP1\/wp-content\/uploads\/2022\/08\/underline-dot.png\" class=\"attachment-large size-large wp-image-29\" alt=\"\" srcset=\"https:\/\/swiatdziecka-ruczaj.pl\/WP1\/wp-content\/uploads\/2022\/08\/underline-dot.png 315w, https:\/\/swiatdziecka-ruczaj.pl\/WP1\/wp-content\/uploads\/2022\/08\/underline-dot-300x25.png 300w\" sizes=\"(max-width: 315px) 100vw, 315px\" \/>\t\t\t\t\t\t\t\t\t\t\t\t\t\t\t<\/div>\n\t\t\t\t<\/div>\n\t\t\t\t<section class=\"elementor-section elementor-inner-section elementor-element elementor-element-5c2e4c10 elementor-section-content-middle elementor-section-boxed elementor-section-height-default elementor-section-height-default\" data-id=\"5c2e4c10\" data-element_type=\"section\" data-e-type=\"section\" data-settings=\"{&quot;background_background&quot;:&quot;classic&quot;}\">\n\t\t\t\t\t\t<div class=\"elementor-container elementor-column-gap-default\">\n\t\t\t\t\t<div class=\"elementor-column elementor-col-50 elementor-inner-column elementor-element elementor-element-3ec5c3e6\" data-id=\"3ec5c3e6\" data-element_type=\"column\" data-e-type=\"column\">\n\t\t\t<div class=\"elementor-widget-wrap\">\n\t\t\t\t\t\t\t<\/div>\n\t\t<\/div>\n\t\t\t\t<div class=\"elementor-column elementor-col-50 elementor-inner-column elementor-element elementor-element-26e6735a\" data-id=\"26e6735a\" data-element_type=\"column\" data-e-type=\"column\">\n\t\t\t<div class=\"elementor-widget-wrap elementor-element-populated\">\n\t\t\t\t\t\t<div class=\"elementor-element elementor-element-4e2ce66a elementor-widget elementor-widget-text-editor\" data-id=\"4e2ce66a\" data-element_type=\"widget\" data-e-type=\"widget\" data-widget_type=\"text-editor.default\">\n\t\t\t\t<div class=\"elementor-widget-container\">\n\t\t\t\t\t\t\t\t\t<p><em><strong>W naszym przedszkolu opr\u00f3cz zaj\u0119\u0107 dydaktycznych wynikaj\u0105cych z Podstawy Programowej Wychowania Przedszkolnego realizowane s\u0105 w odst\u0119pach tygodniowych zaj\u0119cia rozwijaj\u0105ce zainteresowania dzieci oraz odkrywaj\u0105ce ich talenty. Wszystkie zaj\u0119cia prowadzone s\u0105 przez specjalist\u00f3w, kt\u00f3rzy posiadaj\u0105 odpowiednie kwalifikacje oraz co najwa\u017cniejsze &#8211; <\/strong><strong>umiej\u0119tno\u015b\u0107 czerpania rado\u015bci z pracy z dzie\u0107mi.<\/strong><\/em><\/p><p>\u00a0<\/p><p><img fetchpriority=\"high\" decoding=\"async\" class=\"alignnone size-medium wp-image-1548\" src=\"https:\/\/swiatdziecka-ruczaj.pl\/WP1\/wp-content\/uploads\/2023\/02\/angielski-273x300.jpg\" alt=\"\" width=\"273\" height=\"300\" srcset=\"https:\/\/swiatdziecka-ruczaj.pl\/WP1\/wp-content\/uploads\/2023\/02\/angielski-273x300.jpg 273w, https:\/\/swiatdziecka-ruczaj.pl\/WP1\/wp-content\/uploads\/2023\/02\/angielski.jpg 501w\" sizes=\"(max-width: 273px) 100vw, 273px\" \/><img decoding=\"async\" class=\"alignnone size-medium wp-image-1549\" src=\"https:\/\/swiatdziecka-ruczaj.pl\/WP1\/wp-content\/uploads\/2023\/02\/Gimnastyka-273x300.jpg\" alt=\"\" width=\"273\" height=\"300\" srcset=\"https:\/\/swiatdziecka-ruczaj.pl\/WP1\/wp-content\/uploads\/2023\/02\/Gimnastyka-273x300.jpg 273w, https:\/\/swiatdziecka-ruczaj.pl\/WP1\/wp-content\/uploads\/2023\/02\/Gimnastyka.jpg 501w\" sizes=\"(max-width: 273px) 100vw, 273px\" \/><img loading=\"lazy\" decoding=\"async\" class=\"alignnone size-medium wp-image-1550\" src=\"https:\/\/swiatdziecka-ruczaj.pl\/WP1\/wp-content\/uploads\/2023\/02\/lOGOPEDA-273x300.jpg\" alt=\"\" width=\"273\" height=\"300\" srcset=\"https:\/\/swiatdziecka-ruczaj.pl\/WP1\/wp-content\/uploads\/2023\/02\/lOGOPEDA-273x300.jpg 273w, https:\/\/swiatdziecka-ruczaj.pl\/WP1\/wp-content\/uploads\/2023\/02\/lOGOPEDA.jpg 501w\" sizes=\"(max-width: 273px) 100vw, 273px\" \/><img loading=\"lazy\" decoding=\"async\" class=\"alignnone size-medium wp-image-1551\" src=\"https:\/\/swiatdziecka-ruczaj.pl\/WP1\/wp-content\/uploads\/2023\/02\/rytmika-273x300.jpg\" alt=\"\" width=\"273\" height=\"300\" srcset=\"https:\/\/swiatdziecka-ruczaj.pl\/WP1\/wp-content\/uploads\/2023\/02\/rytmika-273x300.jpg 273w, https:\/\/swiatdziecka-ruczaj.pl\/WP1\/wp-content\/uploads\/2023\/02\/rytmika.jpg 501w\" sizes=\"(max-width: 273px) 100vw, 273px\" \/><img loading=\"lazy\" decoding=\"async\" class=\"alignnone size-medium wp-image-1552\" src=\"https:\/\/swiatdziecka-ruczaj.pl\/WP1\/wp-content\/uploads\/2023\/02\/Tancejpg-273x300.jpg\" alt=\"\" width=\"273\" height=\"300\" srcset=\"https:\/\/swiatdziecka-ruczaj.pl\/WP1\/wp-content\/uploads\/2023\/02\/Tancejpg-273x300.jpg 273w, https:\/\/swiatdziecka-ruczaj.pl\/WP1\/wp-content\/uploads\/2023\/02\/Tancejpg.jpg 501w\" sizes=\"(max-width: 273px) 100vw, 273px\" \/><img loading=\"lazy\" decoding=\"async\" class=\"alignnone size-medium wp-image-1554\" src=\"https:\/\/swiatdziecka-ruczaj.pl\/WP1\/wp-content\/uploads\/2023\/02\/Psychologjpg-273x300.jpg\" alt=\"\" width=\"273\" height=\"300\" srcset=\"https:\/\/swiatdziecka-ruczaj.pl\/WP1\/wp-content\/uploads\/2023\/02\/Psychologjpg-273x300.jpg 273w, https:\/\/swiatdziecka-ruczaj.pl\/WP1\/wp-content\/uploads\/2023\/02\/Psychologjpg.jpg 501w\" sizes=\"(max-width: 273px) 100vw, 273px\" \/><\/p>\t\t\t\t\t\t\t\t<\/div>\n\t\t\t\t<\/div>\n\t\t\t\t\t<\/div>\n\t\t<\/div>\n\t\t\t\t\t<\/div>\n\t\t<\/section>\n\t\t\t\t<section class=\"elementor-section elementor-inner-section elementor-element elementor-element-af5dd46 elementor-section-boxed elementor-section-height-default elementor-section-height-default\" data-id=\"af5dd46\" data-element_type=\"section\" data-e-type=\"section\" data-settings=\"{&quot;background_background&quot;:&quot;classic&quot;}\">\n\t\t\t\t\t\t<div class=\"elementor-container elementor-column-gap-default\">\n\t\t\t\t\t<div class=\"elementor-column elementor-col-50 elementor-inner-column elementor-element elementor-element-6e47280b\" data-id=\"6e47280b\" data-element_type=\"column\" data-e-type=\"column\">\n\t\t\t<div class=\"elementor-widget-wrap\">\n\t\t\t\t\t\t\t<\/div>\n\t\t<\/div>\n\t\t\t\t<div class=\"elementor-column elementor-col-50 elementor-inner-column elementor-element elementor-element-164b0c51\" data-id=\"164b0c51\" data-element_type=\"column\" data-e-type=\"column\">\n\t\t\t<div class=\"elementor-widget-wrap elementor-element-populated\">\n\t\t\t\t\t\t\t<\/div>\n\t\t<\/div>\n\t\t\t\t\t<\/div>\n\t\t<\/section>\n\t\t\t\t\t<\/div>\n\t\t<\/div>\n\t\t\t\t\t<\/div>\n\t\t<\/section>\n\t\t\t\t<\/div>\n\t\t","protected":false},"excerpt":{"rendered":"<p>Rodzaj zaj\u0119\u0107 cotygodniowych: W naszym przedszkolu opr\u00f3cz zaj\u0119\u0107 dydaktycznych wynikaj\u0105cych z Podstawy Programowej Wychowania Przedszkolnego realizowane s\u0105 w odst\u0119pach tygodniowych zaj\u0119cia rozwijaj\u0105ce zainteresowania dzieci oraz odkrywaj\u0105ce ich talenty. Wszystkie zaj\u0119cia prowadzone s\u0105 przez specjalist\u00f3w, kt\u00f3rzy posiadaj\u0105 odpowiednie kwalifikacje oraz co najwa\u017cniejsze &#8211; umiej\u0119tno\u015b\u0107 czerpania rado\u015bci z pracy z dzie\u0107mi. \u00a0<\/p>\n","protected":false},"author":1,"featured_media":0,"parent":0,"menu_order":0,"comment_status":"closed","ping_status":"closed","template":"","meta":{"footnotes":""},"class_list":["post-209","page","type-page","status-publish","hentry"],"_links":{"self":[{"href":"https:\/\/swiatdziecka-ruczaj.pl\/WP1\/wp-json\/wp\/v2\/pages\/209","targetHints":{"allow":["GET"]}}],"collection":[{"href":"https:\/\/swiatdziecka-ruczaj.pl\/WP1\/wp-json\/wp\/v2\/pages"}],"about":[{"href":"https:\/\/swiatdziecka-ruczaj.pl\/WP1\/wp-json\/wp\/v2\/types\/page"}],"author":[{"embeddable":true,"href":"https:\/\/swiatdziecka-ruczaj.pl\/WP1\/wp-json\/wp\/v2\/users\/1"}],"replies":[{"embeddable":true,"href":"https:\/\/swiatdziecka-ruczaj.pl\/WP1\/wp-json\/wp\/v2\/comments?post=209"}],"version-history":[{"count":55,"href":"https:\/\/swiatdziecka-ruczaj.pl\/WP1\/wp-json\/wp\/v2\/pages\/209\/revisions"}],"predecessor-version":[{"id":1563,"href":"https:\/\/swiatdziecka-ruczaj.pl\/WP1\/wp-json\/wp\/v2\/pages\/209\/revisions\/1563"}],"wp:attachment":[{"href":"https:\/\/swiatdziecka-ruczaj.pl\/WP1\/wp-json\/wp\/v2\/media?parent=209"}],"curies":[{"name":"wp","href":"https:\/\/api.w.org\/{rel}","templated":true}]}}