{"id":1418,"date":"2023-02-25T08:55:51","date_gmt":"2023-02-25T07:55:51","guid":{"rendered":"https:\/\/swiatdziecka-ruczaj.pl\/WP1\/?page_id=1418"},"modified":"2023-10-23T13:51:27","modified_gmt":"2023-10-23T11:51:27","slug":"biedronki_zlobek","status":"publish","type":"page","link":"https:\/\/swiatdziecka-ruczaj.pl\/WP1\/biedronki_zlobek\/","title":{"rendered":"Biedronki_Zlobek"},"content":{"rendered":"\t\t<div data-elementor-type=\"wp-page\" data-elementor-id=\"1418\" class=\"elementor elementor-1418\" data-elementor-post-type=\"page\">\n\t\t\t\t\t\t<section class=\"elementor-section elementor-top-section elementor-element elementor-element-166f6ca7 elementor-section-boxed elementor-section-height-default elementor-section-height-default\" data-id=\"166f6ca7\" data-element_type=\"section\" data-e-type=\"section\" data-settings=\"{&quot;background_background&quot;:&quot;classic&quot;}\">\n\t\t\t\t\t\t<div class=\"elementor-container elementor-column-gap-default\">\n\t\t\t\t\t<div class=\"elementor-column elementor-col-100 elementor-top-column elementor-element elementor-element-2f545393\" data-id=\"2f545393\" data-element_type=\"column\" data-e-type=\"column\">\n\t\t\t<div class=\"elementor-widget-wrap elementor-element-populated\">\n\t\t\t\t\t\t<div class=\"elementor-element elementor-element-4b17efe1 elementor-widget elementor-widget-heading\" data-id=\"4b17efe1\" data-element_type=\"widget\" data-e-type=\"widget\" data-widget_type=\"heading.default\">\n\t\t\t\t<div class=\"elementor-widget-container\">\n\t\t\t\t\t<h2 class=\"elementor-heading-title elementor-size-default\">Grupa - Biedronki<\/h2>\t\t\t\t<\/div>\n\t\t\t\t<\/div>\n\t\t\t\t\t<\/div>\n\t\t<\/div>\n\t\t\t\t\t<\/div>\n\t\t<\/section>\n\t\t\t\t<section class=\"elementor-section elementor-top-section elementor-element elementor-element-3584b79c elementor-section-boxed elementor-section-height-default elementor-section-height-default\" data-id=\"3584b79c\" data-element_type=\"section\" data-e-type=\"section\" data-settings=\"{&quot;background_background&quot;:&quot;classic&quot;}\">\n\t\t\t\t\t\t<div class=\"elementor-container elementor-column-gap-default\">\n\t\t\t\t\t<div class=\"elementor-column elementor-col-50 elementor-top-column elementor-element elementor-element-23357b49\" data-id=\"23357b49\" data-element_type=\"column\" data-e-type=\"column\" data-settings=\"{&quot;background_background&quot;:&quot;classic&quot;}\">\n\t\t\t<div class=\"elementor-widget-wrap elementor-element-populated\">\n\t\t\t\t\t<div class=\"elementor-background-overlay\"><\/div>\n\t\t\t\t\t\t<div class=\"elementor-element elementor-element-2a2f8f04 elementor-widget__width-auto elementor-absolute elementor-widget elementor-widget-image\" data-id=\"2a2f8f04\" data-element_type=\"widget\" data-e-type=\"widget\" data-settings=\"{&quot;_position&quot;:&quot;absolute&quot;}\" data-widget_type=\"image.default\">\n\t\t\t\t<div class=\"elementor-widget-container\">\n\t\t\t\t\t\t\t\t\t\t\t\t\t\t\t<img fetchpriority=\"high\" decoding=\"async\" width=\"855\" height=\"640\" src=\"https:\/\/swiatdziecka-ruczaj.pl\/WP1\/wp-content\/uploads\/2022\/08\/cloud-hotair-balloon.png\" class=\"attachment-full size-full wp-image-31\" alt=\"\" srcset=\"https:\/\/swiatdziecka-ruczaj.pl\/WP1\/wp-content\/uploads\/2022\/08\/cloud-hotair-balloon.png 855w, https:\/\/swiatdziecka-ruczaj.pl\/WP1\/wp-content\/uploads\/2022\/08\/cloud-hotair-balloon-300x225.png 300w, https:\/\/swiatdziecka-ruczaj.pl\/WP1\/wp-content\/uploads\/2022\/08\/cloud-hotair-balloon-768x575.png 768w\" sizes=\"(max-width: 855px) 100vw, 855px\" \/>\t\t\t\t\t\t\t\t\t\t\t\t\t\t\t<\/div>\n\t\t\t\t<\/div>\n\t\t\t\t\t<\/div>\n\t\t<\/div>\n\t\t\t\t<div class=\"elementor-column elementor-col-50 elementor-top-column elementor-element elementor-element-6862d8e7\" data-id=\"6862d8e7\" data-element_type=\"column\" data-e-type=\"column\">\n\t\t\t<div class=\"elementor-widget-wrap elementor-element-populated\">\n\t\t\t\t\t\t<div class=\"elementor-element elementor-element-42ac113b elementor-widget elementor-widget-heading\" data-id=\"42ac113b\" data-element_type=\"widget\" data-e-type=\"widget\" data-widget_type=\"heading.default\">\n\t\t\t\t<div class=\"elementor-widget-container\">\n\t\t\t\t\t<h3 class=\"elementor-heading-title elementor-size-default\"><strong>Plan Dnia:&nbsp;<\/strong><\/h3>\t\t\t\t<\/div>\n\t\t\t\t<\/div>\n\t\t\t\t<div class=\"elementor-element elementor-element-d57c9a9 elementor-widget elementor-widget-heading\" data-id=\"d57c9a9\" data-element_type=\"widget\" data-e-type=\"widget\" data-widget_type=\"heading.default\">\n\t\t\t\t<div class=\"elementor-widget-container\">\n\t\t\t\t\t<h5 class=\"elementor-heading-title elementor-size-default\">7:00 \u2013 8:15<br>\nSchodzenie si\u0119 dzieci. \u2013 czas na swobodn\u0105 zabaw\u0119 dzieci w k\u0105cikach tematycznych, \u2013 indywidualne zabawy edukacyjne z opiekunami, \u2013 czas na realizacj\u0119 w\u0142asnych pomys\u0142\u00f3w i fantazji, \u2013 mo\u017cliwo\u015b\u0107 konsultacji rodzic\u00f3w z opiekunami,\n\n8:15 \u2013 8:30<br>\nCzynno\u015bci higieniczne przygotowuj\u0105ce do \u015bniadania.\n\n8:30 \u2013 9:00<br>\n\u015aniadanie.\n\n8:15 \u2013 8:30\nCzynno\u015bci higieniczne przygotowuj\u0105ce do \u015bniadania.\n\n9:00 \u2013 10:00\nZabawy ukierunkowane przez nauczyciela: zabawy z muzyk\u0105, zaj\u0119cia plastyczne, artystyczne, kulinarne, logopedyczne itp.)\n\n10:00 \u2013 10:45\nSpacer, wyj\u015bcie do \u017c\u0142obkowego ogr\u00f3dka.\n\n10:45 \u2013 11:00\nCzynno\u015bci higieniczne, przygotowanie do posi\u0142ku.\n\n11:00 \u2013 11:15\nObiad \u2013 zupa.\n\n11:15 \u2013 11:30\nCzynno\u015bci higieniczno \u2013 obs\u0142ugowe po posi\u0142ku. Przygotowanie do drzemki.\n\n11:30 \u2013 13:15\nRelaksacja poobiednia (drzemka) lub aktywno\u015b\u0107 w\u0142asna dzieci zgodna z ich rytmem dnia.\n\n13:15 \u2013 13:30\nCzynno\u015bci higieniczne, przygotowanie do posi\u0142ku.\n\n13:30 \u2013 14:00\nObiad \u2013 drugie danie\n\n14:00 \u2013 15:00\nSpacer, wyj\u015bcie do \u017c\u0142obkowego ogr\u00f3dka. Zabawy swobodne lub ukierunkowane przez nauczyciela, dostosowane do potrzeb i mo\u017cliwo\u015bci dzieci. Ewentualna drzemka zgodnie z rytmem dnia dziecka.\n\n15:00 \u2013 15:15\nPodwieczorek I\n\n15:15 \u2013 17:00\nZabawy swobodne lub proponowane przez nauczyciela. \u2013 zabawy w k\u0105cikach zainteresowa\u0144 (uk\u0142adanki, zabawy konstrukcyjne, ulepianki)\n\n16:15 \u2013 16:30\nPodwieczorek I\n\n16:30 \u2013 17:30\nZabawy swobodne, wyciszaj\u0105ce. Rozchodzenie si\u0119 dzieci do domu.<\/h5>\t\t\t\t<\/div>\n\t\t\t\t<\/div>\n\t\t\t\t<div class=\"elementor-element elementor-element-76d14084 elementor-widget elementor-widget-image\" data-id=\"76d14084\" data-element_type=\"widget\" data-e-type=\"widget\" data-widget_type=\"image.default\">\n\t\t\t\t<div class=\"elementor-widget-container\">\n\t\t\t\t\t\t\t\t\t\t\t\t\t\t\t<img decoding=\"async\" width=\"315\" height=\"26\" src=\"https:\/\/swiatdziecka-ruczaj.pl\/WP1\/wp-content\/uploads\/2022\/08\/underline-dot.png\" class=\"attachment-large size-large wp-image-29\" alt=\"\" srcset=\"https:\/\/swiatdziecka-ruczaj.pl\/WP1\/wp-content\/uploads\/2022\/08\/underline-dot.png 315w, https:\/\/swiatdziecka-ruczaj.pl\/WP1\/wp-content\/uploads\/2022\/08\/underline-dot-300x25.png 300w\" sizes=\"(max-width: 315px) 100vw, 315px\" \/>\t\t\t\t\t\t\t\t\t\t\t\t\t\t\t<\/div>\n\t\t\t\t<\/div>\n\t\t\t\t\t<\/div>\n\t\t<\/div>\n\t\t\t\t\t<\/div>\n\t\t<\/section>\n\t\t\t\t<section class=\"elementor-section elementor-top-section elementor-element elementor-element-329cba1a elementor-section-boxed elementor-section-height-default elementor-section-height-default\" data-id=\"329cba1a\" data-element_type=\"section\" data-e-type=\"section\" data-settings=\"{&quot;background_background&quot;:&quot;classic&quot;}\">\n\t\t\t\t\t\t<div class=\"elementor-container elementor-column-gap-default\">\n\t\t\t\t\t<div class=\"elementor-column elementor-col-50 elementor-top-column elementor-element elementor-element-5af7edd6\" data-id=\"5af7edd6\" data-element_type=\"column\" data-e-type=\"column\">\n\t\t\t<div class=\"elementor-widget-wrap elementor-element-populated\">\n\t\t\t\t\t\t\t<\/div>\n\t\t<\/div>\n\t\t\t\t<div class=\"elementor-column elementor-col-50 elementor-top-column elementor-element elementor-element-7a22c878\" data-id=\"7a22c878\" data-element_type=\"column\" data-e-type=\"column\">\n\t\t\t<div class=\"elementor-widget-wrap elementor-element-populated\">\n\t\t\t\t\t\t<div class=\"elementor-element elementor-element-79108c48 elementor-widget elementor-widget-text-editor\" data-id=\"79108c48\" data-element_type=\"widget\" data-e-type=\"widget\" data-widget_type=\"text-editor.default\">\n\t\t\t\t<div class=\"elementor-widget-container\">\n\t\t\t\t\t\t\t\t\t<p>\u201e<\/p>\t\t\t\t\t\t\t\t<\/div>\n\t\t\t\t<\/div>\n\t\t\t\t\t<\/div>\n\t\t<\/div>\n\t\t\t\t\t<\/div>\n\t\t<\/section>\n\t\t\t\t<\/div>\n\t\t","protected":false},"excerpt":{"rendered":"<p>Grupa &#8211; Biedronki Plan Dnia:&nbsp; 7:00 \u2013 8:15 Schodzenie si\u0119 dzieci. \u2013 czas na swobodn\u0105 zabaw\u0119 dzieci w k\u0105cikach tematycznych, \u2013 indywidualne zabawy edukacyjne z opiekunami, \u2013 czas na realizacj\u0119 w\u0142asnych pomys\u0142\u00f3w i fantazji, \u2013 mo\u017cliwo\u015b\u0107 konsultacji rodzic\u00f3w z opiekunami, 8:15 \u2013 8:30 Czynno\u015bci higieniczne przygotowuj\u0105ce do \u015bniadania. 8:30 \u2013 9:00 \u015aniadanie. 8:15 \u2013 8:30 [&hellip;]<\/p>\n","protected":false},"author":1,"featured_media":0,"parent":0,"menu_order":0,"comment_status":"closed","ping_status":"closed","template":"","meta":{"footnotes":""},"class_list":["post-1418","page","type-page","status-publish","hentry"],"_links":{"self":[{"href":"https:\/\/swiatdziecka-ruczaj.pl\/WP1\/wp-json\/wp\/v2\/pages\/1418","targetHints":{"allow":["GET"]}}],"collection":[{"href":"https:\/\/swiatdziecka-ruczaj.pl\/WP1\/wp-json\/wp\/v2\/pages"}],"about":[{"href":"https:\/\/swiatdziecka-ruczaj.pl\/WP1\/wp-json\/wp\/v2\/types\/page"}],"author":[{"embeddable":true,"href":"https:\/\/swiatdziecka-ruczaj.pl\/WP1\/wp-json\/wp\/v2\/users\/1"}],"replies":[{"embeddable":true,"href":"https:\/\/swiatdziecka-ruczaj.pl\/WP1\/wp-json\/wp\/v2\/comments?post=1418"}],"version-history":[{"count":20,"href":"https:\/\/swiatdziecka-ruczaj.pl\/WP1\/wp-json\/wp\/v2\/pages\/1418\/revisions"}],"predecessor-version":[{"id":1834,"href":"https:\/\/swiatdziecka-ruczaj.pl\/WP1\/wp-json\/wp\/v2\/pages\/1418\/revisions\/1834"}],"wp:attachment":[{"href":"https:\/\/swiatdziecka-ruczaj.pl\/WP1\/wp-json\/wp\/v2\/media?parent=1418"}],"curies":[{"name":"wp","href":"https:\/\/api.w.org\/{rel}","templated":true}]}}